{"id":2160,"date":"2025-02-26T22:15:15","date_gmt":"2025-02-26T21:15:15","guid":{"rendered":"https:\/\/svn.schachvereine.de\/wp6\/?page_id=2160"},"modified":"2026-01-27T20:46:36","modified_gmt":"2026-01-27T19:46:36","slug":"mannschaftsspiele","status":"publish","type":"page","link":"https:\/\/svn.schachvereine.de\/wp6\/mannschaftsspiele\/","title":{"rendered":"Mannschaftsspiele"},"content":{"rendered":"\n<p>Alle unsere Teams sind mit dem Ergebnisdienst <em>SCHACH.liga.nu<\/em> im Men\u00fc verlinkt. Hier findest du die Aufstellungen der Mannschaften, wie der Gegner, die Termine und Ergebnisse. F\u00fcr die neue Saison jeweils erst ab September verf\u00fcgbar.<\/p>\n\n\n\n<p class=\"has-green-color has-text-color has-link-color wp-elements-72ca4f78df2c09989d3c4980038ff02b\">Oder du gehst \u00fcber das <em>VERBANDSPORTAL<\/em> und w\u00e4hlst aus was du sehen m\u00f6chtest.<\/p>\n\n\n\n<div class=\"wp-block-buttons is-content-justification-right is-layout-flex wp-container-core-buttons-is-layout-765c4724 wp-block-buttons-is-layout-flex\">\n<div class=\"wp-block-button\"><a class=\"wp-block-button__link wp-element-button\" href=\"https:\/\/svw-schach.liga.nu\/cgi-bin\/WebObjects\/nuLigaSCHACHDE.woa\/wa\/home\">Verbandsportal<\/a><\/div>\n<\/div>\n","protected":false},"excerpt":{"rendered":"<p>Alle unsere Teams sind mit dem Ergebnisdienst SCHACH.liga.nu im Men\u00fc verlinkt. Hier findest du die Aufstellungen der Mannschaften, wie der Gegner, die Termine und Ergebnisse. F\u00fcr die neue Saison jeweils erst ab September verf\u00fcgbar. Oder du gehst \u00fcber das VERBANDSPORTAL und w\u00e4hlst aus was du sehen m\u00f6chtest.<\/p>\n","protected":false},"author":2,"featured_media":0,"parent":0,"menu_order":1,"comment_status":"closed","ping_status":"closed","template":"","meta":{"footnotes":""},"class_list":["post-2160","page","type-page","status-publish","hentry"],"_links":{"self":[{"href":"https:\/\/svn.schachvereine.de\/wp6\/wp-json\/wp\/v2\/pages\/2160","targetHints":{"allow":["GET"]}}],"collection":[{"href":"https:\/\/svn.schachvereine.de\/wp6\/wp-json\/wp\/v2\/pages"}],"about":[{"href":"https:\/\/svn.schachvereine.de\/wp6\/wp-json\/wp\/v2\/types\/page"}],"author":[{"embeddable":true,"href":"https:\/\/svn.schachvereine.de\/wp6\/wp-json\/wp\/v2\/users\/2"}],"replies":[{"embeddable":true,"href":"https:\/\/svn.schachvereine.de\/wp6\/wp-json\/wp\/v2\/comments?post=2160"}],"version-history":[{"count":0,"href":"https:\/\/svn.schachvereine.de\/wp6\/wp-json\/wp\/v2\/pages\/2160\/revisions"}],"wp:attachment":[{"href":"https:\/\/svn.schachvereine.de\/wp6\/wp-json\/wp\/v2\/media?parent=2160"}],"curies":[{"name":"wp","href":"https:\/\/api.w.org\/{rel}","templated":true}]}}