{"id":22,"date":"2022-08-29T10:22:20","date_gmt":"2022-08-29T08:22:20","guid":{"rendered":"https:\/\/svn.schachvereine.de\/wp6\/?page_id=22"},"modified":"2026-02-05T14:39:16","modified_gmt":"2026-02-05T13:39:16","slug":"ueber-uns","status":"publish","type":"page","link":"https:\/\/svn.schachvereine.de\/wp6\/ueber-uns\/","title":{"rendered":"\u00dcber uns"},"content":{"rendered":"\n<h3 class=\"wp-block-heading\">Spiellokal<\/h3>\n\n\n\n<p>Wir trainieren und spielen im Salemer Hof, Alleenstr. 8 in N\u00fcrtingen.<br>Unsere Adresse ist zwar die Alleenstra\u00dfe, der Zugang zum Haus geht \u00fcber den Blockturm (Bild) in der <a href=\"https:\/\/svn.schachvereine.de\/wp6\/wp-content\/uploads\/2023\/05\/Moenchstrasse-scaled.jpg\" data-type=\"link\" data-id=\"https:\/\/svn.schachvereine.de\/wp6\/wp-content\/uploads\/2023\/05\/Moenchstrasse-scaled.jpg\" target=\"_blank\" rel=\"noreferrer noopener\">M\u00f6nchstra\u00dfe<\/a>.<\/p>\n\n\n\n<div class=\"wp-block-cover is-light has-large-font-size\"><img loading=\"lazy\" decoding=\"async\" width=\"768\" height=\"1024\" class=\"wp-block-cover__image-background wp-image-2421\" alt=\"\" src=\"https:\/\/svn.schachvereine.de\/wp6\/wp-content\/uploads\/2025\/04\/Blockturm-768x1024-1.jpg\" style=\"object-position:53% 44%\" data-object-fit=\"cover\" data-object-position=\"53% 44%\" srcset=\"https:\/\/svn.schachvereine.de\/wp6\/wp-content\/uploads\/2025\/04\/Blockturm-768x1024-1.jpg 768w, https:\/\/svn.schachvereine.de\/wp6\/wp-content\/uploads\/2025\/04\/Blockturm-768x1024-1-225x300.jpg 225w\" sizes=\"auto, (max-width: 768px) 100vw, 768px\" \/><span aria-hidden=\"true\" class=\"wp-block-cover__background has-background-dim-0 has-background-dim\" style=\"background-color:#83858a\"><\/span><div class=\"wp-block-cover__inner-container is-layout-constrained wp-block-cover-is-layout-constrained\">\n<p class=\"has-text-align-center has-white-color has-text-color has-link-color has-x-large-font-size wp-elements-b06727fcfcb65b82762979c8bab25c4a\"><strong>Unsere R\u00e4ume<\/strong><\/p>\n\n\n\n<p class=\"has-text-align-center has-white-color has-text-color has-link-color has-x-large-font-size wp-elements-1057eddd1f5da8eff3e6d7f090a8aced\"><strong>befinden sich im UG<\/strong><\/p>\n<\/div><\/div>\n\n\n\n<p><\/p>\n\n\n\n<div class=\"wp-block-buttons is-layout-flex wp-block-buttons-is-layout-flex\">\n<div class=\"wp-block-button\"><a class=\"wp-block-button__link wp-element-button\" href=\"https:\/\/www.openstreetmap.org\/way\/360877696\" target=\"_blank\" rel=\"noreferrer noopener\">Hier findest du uns<\/a><\/div>\n<\/div>\n\n\n\n<h3 class=\"wp-block-heading\"><strong>Spielabend und Training<\/strong><\/h3>\n\n\n\n<p><span style=\"color: #0000ff;\"><strong>Jugendschach f\u00fcr Kinder und Jugendliche:<\/strong><\/span><br><span style=\"color: #0000ff;\">Freitags 17:30-19:30 Uhr. In den Schulferien pausiert das Training.<\/span><br><span style=\"color: #0000ff;\"><strong>Erwachsene und Jugendliche:<\/strong><\/span><br><span style=\"color: #0000ff;\">Freitags ab 19:30 Uhr, au\u00dfer an Feiertagen.<\/span>&nbsp;<\/p>\n\n\n\n<p>Schachinteressierte G\u00e4ste sind herzlich eingeladen am Spielabend teilzunehmen und den Verein mit seinen engagierten Mitgliedern kennen zu lernen.&nbsp;In unserem Flyer findest du alle Informationen zum Schachverein N\u00fcrtingen.<\/p>\n\n\n\n<div class=\"wp-block-buttons is-layout-flex wp-block-buttons-is-layout-flex\">\n<div class=\"wp-block-button\"><a class=\"wp-block-button__link wp-element-button\" href=\"https:\/\/svn.schachvereine.de\/wp6\/wp-content\/uploads\/2025\/08\/SVN-Flyer-20250822.pdf\" target=\"_blank\" rel=\"noreferrer noopener\">Flyer<\/a><\/div>\n<\/div>\n\n\n\n<p><\/p>\n","protected":false},"excerpt":{"rendered":"<p>Spiellokal Wir trainieren und spielen im Salemer Hof, Alleenstr. 8 in N\u00fcrtingen.Unsere Adresse ist zwar die Alleenstra\u00dfe, der Zugang zum Haus geht \u00fcber den Blockturm (Bild) in der M\u00f6nchstra\u00dfe. Spielabend und Training Jugendschach f\u00fcr Kinder und Jugendliche:Freitags 17:30-19:30 Uhr. In den Schulferien pausiert das Training.Erwachsene und Jugendliche:Freitags ab 19:30 Uhr, au\u00dfer an Feiertagen.&nbsp; Schachinteressierte G\u00e4ste &hellip; <a href=\"https:\/\/svn.schachvereine.de\/wp6\/ueber-uns\/\" class=\"more-link\"><span class=\"screen-reader-text\">\u00dcber uns<\/span> weiterlesen <span class=\"meta-nav\">&rarr;<\/span><\/a><\/p>\n","protected":false},"author":1,"featured_media":0,"parent":0,"menu_order":0,"comment_status":"closed","ping_status":"closed","template":"","meta":{"footnotes":""},"class_list":["post-22","page","type-page","status-publish","hentry"],"_links":{"self":[{"href":"https:\/\/svn.schachvereine.de\/wp6\/wp-json\/wp\/v2\/pages\/22","targetHints":{"allow":["GET"]}}],"collection":[{"href":"https:\/\/svn.schachvereine.de\/wp6\/wp-json\/wp\/v2\/pages"}],"about":[{"href":"https:\/\/svn.schachvereine.de\/wp6\/wp-json\/wp\/v2\/types\/page"}],"author":[{"embeddable":true,"href":"https:\/\/svn.schachvereine.de\/wp6\/wp-json\/wp\/v2\/users\/1"}],"replies":[{"embeddable":true,"href":"https:\/\/svn.schachvereine.de\/wp6\/wp-json\/wp\/v2\/comments?post=22"}],"version-history":[{"count":0,"href":"https:\/\/svn.schachvereine.de\/wp6\/wp-json\/wp\/v2\/pages\/22\/revisions"}],"wp:attachment":[{"href":"https:\/\/svn.schachvereine.de\/wp6\/wp-json\/wp\/v2\/media?parent=22"}],"curies":[{"name":"wp","href":"https:\/\/api.w.org\/{rel}","templated":true}]}}